{"id":20,"date":"2023-08-25T23:44:00","date_gmt":"2023-08-25T21:44:00","guid":{"rendered":"http:\/\/fitness-dance.fr\/?page_id=20"},"modified":"2025-07-08T15:41:38","modified_gmt":"2025-07-08T13:41:38","slug":"zumba-cardio-fitness","status":"publish","type":"page","link":"https:\/\/fitness-dance.fr\/index.php\/zumba-cardio-fitness\/","title":{"rendered":"Zumba"},"content":{"rendered":"\n<p class=\"has-medium-font-size\"><strong>Du fun, de la convivialit\u00e9 il n&#8217;a jamais \u00e9t\u00e9 aussi sympa de br\u00fbler des calories !!!<\/strong><\/p>\n\n\n\n<p>Cours cardio training dans\u00e9 sur des musiques latines. On ne cherche pas la performance mais simplement bouger en se laissant entra\u00eener par les diff\u00e9rents rythmes, tout en s&#8217;amusant, en am\u00e9liorant sa coordination, et en br\u00fblant un maximum de calories.<\/p>\n\n\n\n<p>Ouvert \u00e0 tous les adultes hommes, femmes, quelque soit votre niveau, pour un moment de l\u00e2cher prise, o\u00f9 seul vous m\u00eame comptez.<\/p>\n\n\n\n<p>Cours tous les Mercredis 18h30 \u00e0 l&#8217;\u00e9cole de danse &#8220;Dance District&#8221;, Zone commerciale de la Paoute, 34 Trav. de la Paoute, 06130 GRASSE.<\/p>\n\n\n\n<p><\/p>\n\n\n\n<div class=\"wp-block-buttons is-content-justification-center is-layout-flex wp-container-core-buttons-is-layout-16018d1d wp-block-buttons-is-layout-flex\">\n<div class=\"wp-block-button is-style-outline is-style-outline--1\"><a class=\"wp-block-button__link wp-element-button\" href=\"tel:+33783693152\">R\u00e9servation<\/a><\/div>\n<\/div>\n","protected":false},"excerpt":{"rendered":"<p>Du fun, de la convivialit\u00e9 il n&#8217;a jamais \u00e9t\u00e9 aussi sympa de br\u00fbler des calories !!! Cours cardio training dans\u00e9 sur des musiques latines. On ne cherche pas la performance mais simplement bouger en se laissant entra\u00eener par les diff\u00e9rents rythmes, tout en s&#8217;amusant, en am\u00e9liorant sa coordination, et en br\u00fblant un maximum de calories. &hellip; <\/p>\n<p class=\"link-more\"><a href=\"https:\/\/fitness-dance.fr\/index.php\/zumba-cardio-fitness\/\" class=\"more-link\">Continue reading<span class=\"screen-reader-text\"> &#8220;Zumba&#8221;<\/span><\/a><\/p>\n","protected":false},"author":1,"featured_media":333,"parent":0,"menu_order":0,"comment_status":"closed","ping_status":"closed","template":"","meta":{"_eb_attr":"","footnotes":""},"class_list":["post-20","page","type-page","status-publish","has-post-thumbnail","hentry"],"_links":{"self":[{"href":"https:\/\/fitness-dance.fr\/index.php\/wp-json\/wp\/v2\/pages\/20","targetHints":{"allow":["GET"]}}],"collection":[{"href":"https:\/\/fitness-dance.fr\/index.php\/wp-json\/wp\/v2\/pages"}],"about":[{"href":"https:\/\/fitness-dance.fr\/index.php\/wp-json\/wp\/v2\/types\/page"}],"author":[{"embeddable":true,"href":"https:\/\/fitness-dance.fr\/index.php\/wp-json\/wp\/v2\/users\/1"}],"replies":[{"embeddable":true,"href":"https:\/\/fitness-dance.fr\/index.php\/wp-json\/wp\/v2\/comments?post=20"}],"version-history":[{"count":13,"href":"https:\/\/fitness-dance.fr\/index.php\/wp-json\/wp\/v2\/pages\/20\/revisions"}],"predecessor-version":[{"id":468,"href":"https:\/\/fitness-dance.fr\/index.php\/wp-json\/wp\/v2\/pages\/20\/revisions\/468"}],"wp:featuredmedia":[{"embeddable":true,"href":"https:\/\/fitness-dance.fr\/index.php\/wp-json\/wp\/v2\/media\/333"}],"wp:attachment":[{"href":"https:\/\/fitness-dance.fr\/index.php\/wp-json\/wp\/v2\/media?parent=20"}],"curies":[{"name":"wp","href":"https:\/\/api.w.org\/{rel}","templated":true}]}}