{"id":340,"date":"2024-09-10T22:06:11","date_gmt":"2024-09-10T20:06:11","guid":{"rendered":"https:\/\/fitness-dance.fr\/?page_id=340"},"modified":"2024-09-20T23:26:00","modified_gmt":"2024-09-20T21:26:00","slug":"bienvenue","status":"publish","type":"page","link":"https:\/\/fitness-dance.fr\/","title":{"rendered":"Bienvenue"},"content":{"rendered":"\n<p><\/p>\n\n\n\n<div class=\"wp-block-columns is-layout-flex wp-container-core-columns-is-layout-9d6595d7 wp-block-columns-is-layout-flex\">\n<div class=\"wp-block-column is-layout-flow wp-block-column-is-layout-flow\">\n<figure class=\"wp-block-image size-large is-resized is-style-rounded\"><img loading=\"lazy\" decoding=\"async\" width=\"683\" height=\"1024\" src=\"http:\/\/fitness-dance.fr\/wp-content\/uploads\/2024\/09\/Untitled-design-1-683x1024.png\" alt=\"\" class=\"wp-image-154\" style=\"width:172px;height:auto\" srcset=\"https:\/\/fitness-dance.fr\/wp-content\/uploads\/2024\/09\/Untitled-design-1-683x1024.png 683w, https:\/\/fitness-dance.fr\/wp-content\/uploads\/2024\/09\/Untitled-design-1-200x300.png 200w, https:\/\/fitness-dance.fr\/wp-content\/uploads\/2024\/09\/Untitled-design-1-768x1152.png 768w, https:\/\/fitness-dance.fr\/wp-content\/uploads\/2024\/09\/Untitled-design-1-1024x1536.png 1024w, https:\/\/fitness-dance.fr\/wp-content\/uploads\/2024\/09\/Untitled-design-1.png 1200w\" sizes=\"auto, (max-width: 683px) 100vw, 683px\" \/><\/figure>\n<\/div>\n\n\n\n<div class=\"wp-block-column is-layout-flow wp-block-column-is-layout-flow\">\n<p>Bonjour, Je m&#8217;appelle Cindy Conjat, passionn\u00e9e de sport depuis l&#8217;enfance c&#8217;est naturellement que je suis venue au m\u00e9tier de coach sportif <em>(certifi\u00e9)<\/em>.<\/p>\n\n\n\n<p>Je vous propose de vous accompagner en personal training, ainsi que sur des cours collectifs Zumba\u00ae, Strong Nation\u2122, Circl Mobility\u2122&#8230;<\/p>\n\n\n\n<p>N&#8217;h\u00e9sitez pas \u00e0 me contacter pour toute demande d&#8217;information.<\/p>\n\n\n\n<div id=\"bgimageWrap\" style=\"background-image:url(undefined)\" class=\"wp-block-call-to-action-block\"><div style=\"padding:5px;text-align:center\"><span>07.83.69.31.52<\/span><a style=\"text-align:center\" rel=\"noopener noreferrer\" id=\"calltoactionbutton\" href=\"tel:+33783693152\">r\u00e9servation<\/a><\/div><\/div>\n<\/div>\n<\/div>\n\n\n\n<p><\/p>\n","protected":false},"excerpt":{"rendered":"<p>Bonjour, Je m&#8217;appelle Cindy Conjat, passionn\u00e9e de sport depuis l&#8217;enfance c&#8217;est naturellement que je suis venue au m\u00e9tier de coach sportif (certifi\u00e9). Je vous propose de vous accompagner en personal training, ainsi que sur des cours collectifs Zumba\u00ae, Strong Nation\u2122, Circl Mobility\u2122&#8230; N&#8217;h\u00e9sitez pas \u00e0 me contacter pour toute demande d&#8217;information.<\/p>\n","protected":false},"author":1,"featured_media":0,"parent":0,"menu_order":0,"comment_status":"closed","ping_status":"closed","template":"","meta":{"_eb_attr":"","footnotes":""},"class_list":["post-340","page","type-page","status-publish","hentry"],"_links":{"self":[{"href":"https:\/\/fitness-dance.fr\/index.php\/wp-json\/wp\/v2\/pages\/340","targetHints":{"allow":["GET"]}}],"collection":[{"href":"https:\/\/fitness-dance.fr\/index.php\/wp-json\/wp\/v2\/pages"}],"about":[{"href":"https:\/\/fitness-dance.fr\/index.php\/wp-json\/wp\/v2\/types\/page"}],"author":[{"embeddable":true,"href":"https:\/\/fitness-dance.fr\/index.php\/wp-json\/wp\/v2\/users\/1"}],"replies":[{"embeddable":true,"href":"https:\/\/fitness-dance.fr\/index.php\/wp-json\/wp\/v2\/comments?post=340"}],"version-history":[{"count":13,"href":"https:\/\/fitness-dance.fr\/index.php\/wp-json\/wp\/v2\/pages\/340\/revisions"}],"predecessor-version":[{"id":446,"href":"https:\/\/fitness-dance.fr\/index.php\/wp-json\/wp\/v2\/pages\/340\/revisions\/446"}],"wp:attachment":[{"href":"https:\/\/fitness-dance.fr\/index.php\/wp-json\/wp\/v2\/media?parent=340"}],"curies":[{"name":"wp","href":"https:\/\/api.w.org\/{rel}","templated":true}]}}